{"id":118,"date":"2016-01-20T03:18:08","date_gmt":"2016-01-20T02:18:08","guid":{"rendered":"http:\/\/u839033161-beingintelligentgifted-com.hostingerapp.com\/?page_id=118"},"modified":"2016-01-20T03:23:30","modified_gmt":"2016-01-20T02:23:30","slug":"security-safety-justice","status":"publish","type":"page","link":"https:\/\/roladesocietalblog.com\/?page_id=118","title":{"rendered":"Security, safety, justice"},"content":{"rendered":"\n<!-- Facebook Like Button Vivacity Infotech BEGIN -->\n<div class=\"fb-like\" data-href=\"https:\/\/roladesocietalblog.com\/?page_id=118\" data-layout=\"standard\" data-action=\"like\" data-show-faces=\"false\" data-size=\"small\" data-width=\"450\" data-share=\"\" ><\/div>\n<!-- Facebook Like Button Vivacity Infotech END -->\n<p>You certainly have heard about the January 7, 2015 tragic shootings in Paris of 12 cartoonists, journalists and staff of newspaper Charlie Hebdo. The day after that, I received emails from friends worldwide, notably from Australia, expressing their profound sadness and sympathy &#8212; describing such brutal act as a bloody offence against freedom of speech, liberty and peace. My responses included notes on immigration, identity, social inequality and education.<\/p>\n<p>Global solidarity poured in instantly and there was a historic gathering of heads of states and communities in Paris on the 11th. Virgils and gatherings of support and commemorations took place in many cities in France, England, the USA and other countries, which were moving and impressive.<\/p>\n<p>During that week, my French friend apologised for being late in responding to my email because she was distressed with what happened in Paris.  I was intrigued by her testimony that I asked her if I could publish her write-up. I have translated it in English, and the French version follows after.  <\/p>\n<p>&#8220;I do not agree with what you write, but I will defend to death your right to write about what you think.&#8221; This was written in the 18th century by Voltaire who experienced life in prison and exile for his writings that displeased people in power.<\/p>\n<p>Satirical drawings have a long tradition in France and had its first golden age in the late 19th century when the style was already provocative. However, drawings and cartoons were primarily of politicians, the Church and those who enriched themselves by dishonest means exploiting the weak and vulnerable.<\/p>\n<p>In the 1970s, many people &#8211; including my uncle &#8211; read satirical newspapers. The main issue at that time was sexual freedom, and journalists did not hesitate to take stance on certain issues regarding this. Consequently, the Catholic Church was an easy target as it was not in the position to retaliate.  That situation disturbed me a lot but led me to question my beliefs and take responsibility for my views and actions without fear of being criticised and laughed at.<\/p>\n<p>Satirical newspapers, in their nature and style, insult anyone.  Sometimes they win, sometimes they lose and, unfortunately, what happened in Paris cost them dearly.<\/p>\n<p>Muslims began to be interested in cartoons thirty years ago when figures, like Ayatollah Khomeini and his cronies, implemented an iron fist policy in Iran. But since any representation of the Prophet is prohibited in Islam, these cartoons had upset the Muslim communities. The freedom of expression, as we know it in democratic countries, insulted and angered those who do not come from such tradition. These people demonstrated and expressed their concerns; but because freedom of expression is guaranteed in the French constitution, their complaints were unsuccessful and they had to abide by the court&#8217;s decision.<\/p>\n<p>In the current Internet age, this subject has been taken to infinity to stir the resentment of Muslims towards the West.<\/p>\n<p>Offenders are often young from single-parent families (no father at home) who turned against anyone and everything that represents the Authority. They are ideal prey for fundamentalists who offer them the experience of a heroic fight. The attacks in Paris were perpetrated by fanatics who are not representatives of the French Muslim community. They were consequences of conflicts from the outside and of the stupidity and hatred expressed in the use of guns, which murdered Jews, police officers of African and Maghreb origins, elderly journalists and volunteers. These victims were only \u2018violent\u2019 in their newspaper cartoons; in their lives, they were exemplary people who were committed to tolerance:<br \/>\nCharb, 47 years old, cartoonist, lived with Jeannette Bougrab (daughter of an Algerian soldier).<br \/>\nCabu and Wolinski, 80 years old and 76 years old respectively, cartoonists, were volunteers for a financially-troubled newspaper.<br \/>\nBernard Maris, economist, was the son of Maurice Genevoix (the first writer who broke the official story about the war in 1914). Bernard worked for the magazine Alternative, campaigned against capitalism and was an entertaining yet serious journalist at France Inter.<br \/>\nPatrick Peloux, the doctor who escaped the attack because he was late, was the one who raised the alarm about the death of thousands of elderly people during the summer of 2003 heat wave.<\/p>\n<p>On January 7, we understood that the freedom of expression, one of the most valuable achievements of our history, is threatened. The holding of events supporting and demonstrating solidarity around the world has been a great consolation.<\/p>\n<p>In the weeks that followed, our country was saturated with debates. Companies and businesses are weakened by mass unemployment. The National Education has the task of transmitting egalitarian, republican and secular values. How do we maintain community cohesion? How do we deal with threats?<\/p>\n<p>The entire Western world faces these challenges, and that&#8217;s why so many heads of state were present in Paris on 11 January 2015.<\/p>\n<p>&#8220;Je ne suis pas d&#8217;accord avec ce que vous \u00e9crivez, mais je me battrai jusqu&#8217;\u00e0 la mort pour que vous ayez le droit d&#8217;\u00e9crire ce que vous pensez. &#8221;\u00a0<\/p>\n<p>Cette phrase a \u00e9t\u00e9 \u00e9crite au 18 eme si\u00e8cle, par Voltaire qui a connu la prison et l&#8217;exil pour des \u00e9crits qui ont d\u00e9plu pouvoir en place.<\/p>\n<p>Le dessin satirique a une tr\u00e8s longue tradition et a connu un premier \u00e2ge d&#8217;or \u00e0 la fin du 19 eme si\u00e8cle. Le ton \u00e9tait d\u00e9j\u00e0 f\u00e9roce, mais les dessins visaient principalement les politiciens, l&#8217;Eglise, et ceux qui s&#8217;enrichissaient par des moyens peu honn\u00eates, en exploitant les plus faibles.<\/p>\n<p>Dans les ann\u00e9es 1970, beaucoup lisaient des journaux satiriques, en particulier mes oncles. Le grand sujet \u00e0 l&#8217;\u00e9poque \u00e9tait la libert\u00e9 sexuelle, et les journalistes n&#8217;h\u00e9sitaient pas \u00e0 se mettre en sc\u00e8ne dans des \u00a0positions sans \u00e9quivoque. Comme ils ne craignaient aucune repr\u00e9sailles, les attaques contre l&#8217;Eglise Catholique \u00e9taient sans piti\u00e9. Tout cela m&#8217;a beaucoup d\u00e9rang\u00e9e \u00e0 l&#8217;\u00e9poque, mais cela m&#8217;a amen\u00e9e \u00e0 m&#8217;interroger sur mes convictions, et \u00e0 les assumer mieux, sans craindre les rires.\u00a0<\/p>\n<p>Les journaux satiriques collectionnent les proc\u00e8s pour injure \u00e0 personne. \u00a0Ils ont parfois gagn\u00e9, parfois perdu, et cela leur a co\u00fbt\u00e9 tr\u00e8s cher.<\/p>\n<p>Les musulmans n&#8217;ont commenc\u00e9 \u00e0 int\u00e9resser les dessinateurs que depuis une trentaine d&#8217;ann\u00e9es quand des personnages comme l&#8217;Ayatollah Khomeini et ses comparses ont jet\u00e9 sur l&#8217;Iran un voile de fer.<br \/>\nMais dans la religion musulmane, la repr\u00e9sentation du proph\u00e8te est interdite. Donc des dessins ont beaucoup d\u00e9rang\u00e9 les communaut\u00e9s musulmanes. D&#8217;Europe. \u00a0La totale libert\u00e9 d&#8217;expression, issue d&#8217;un long cheminement \u00e9voqu\u00e9 plus haut, blessait des personnes qui ne sont pas issues de cette tradition. Il y a eu des manifestations et des proc\u00e8s. Comme\u00a0la libert\u00e9 d&#8217;expression est garantie dans la constitution fran\u00e7aise, les plaignants n&#8217;ont pas obtenus gain de cause, et ils ont su respecter la d\u00e9cision des tribunaux. \u00a0<\/p>\n<p>Les d\u00e9linquants sont des souvent jeunes en manque de p\u00e8re, qui se retournent contre tout ce qui repr\u00e9sente l&#8217;Autorit\u00e9. Ils sont des proies id\u00e9ales pour les fondamentalistes d&#8217;orient qui leur offrent les mirages d&#8217;un combat h\u00e9ro\u00efque.\u00a0Les attentats de la semaine derni\u00e8re sont les \u00e9chos de conflits qui ont lieu en Orient. Ils ont \u00e9t\u00e9 commis par des fanatiques qui ne sont pas repr\u00e9sentatifs de la communaut\u00e9 musulmane fran\u00e7aise. La b\u00eatise et la haine s&#8217;est exprim\u00e9 par leur armes, puisque des juifs ont \u00e9t\u00e9 assassin\u00e9s, une polici\u00e8re noire, un policier maghr\u00e9bin, des journalistes tr\u00e8s \u00e2g\u00e9s et b\u00e9n\u00e9voles.\u00a0<\/p>\n<p>Les victimes n&#8217;\u00e9taient violents que dans un journal, dans leur vie, ils \u00e9taient des personnes exemplaires, engag\u00e9s pour la tol\u00e9rance.<\/p>\n<p>Charb 47 ans, dessinateur, vivait en couple avec Jeannette Bougrab, fille de Harkis.\u00a0<br \/>\nCabu \u00a080 ans et Wolinski 76 ans, dessinateurs, travaillaient b\u00e9n\u00e9volement pour un journal en grande difficult\u00e9 financi\u00e8re.\u00a0<br \/>\nBernard Maris \u00e9conomiste, \u00e9tait le gendre de Maurice Genevoix, le premier \u00e9crivain qui a voulu \u00e9corner la l\u00e9gende officielle autour de la guerre de 1914. Bernard Maris \u00e9crivait dans la revue Alternative, il militait contre le Capitalisme. Sur France Inter, il \u00e9tait surtout dr\u00f4le et incisif.\u00a0<br \/>\nPatrick Peloux, le m\u00e9decin qui a \u00e9chapp\u00e9 \u00e0 l&#8217;attentat, car il \u00e9tait en retard, est celui qui a donn\u00e9 l&#8217;alerte au cours de l&#8217;\u00e9t\u00e9 2003, quand \u00e0 cause de la canicule, des milliers de personnes \u00e2g\u00e9es sont mortes en silence.\u00a0<\/p>\n<p>Le 7 janvier, nous avons compris que la Libert\u00e9 d&#8217;Expression, un des acquis les plus pr\u00e9cieux de notre histoire, est menac\u00e9.<\/p>\n<p>L&#8217;importance des manifestations de soutien, les t\u00e9moignages de solidarit\u00e9 dans le monde entier ont \u00e9t\u00e9 un grand r\u00e9confort. <\/p>\n<p>Dans les semaines qui ont suivi, le d\u00e9bat anime notre pays. Notre soci\u00e9t\u00e9 est affaiblie par le ch\u00f4mage de masse. L&#8217;Education Nationale peine dans la transmission des valeurs d&#8217;une R\u00e9publique \u00e9galitaire, fraternelle et la\u00efque. Comment maintenir la coh\u00e9sion des communaut\u00e9s ? Comment r\u00e9sister aux menaces ? <\/p>\n<p>Ces d\u00e9fis concernent tout le monde occidental, et c&#8217;est pourquoi tant de chefs d&#8217;Etats ont tenu \u00e0 manifester leur int\u00e9r\u00eat en \u00e9tant pr\u00e9sent \u00e0 Paris pour la grande manifestation du 11 janvier 2015.   (By<strong> Catherine Pochet<\/strong>)<\/p>\n<p>Lest We forget!<\/p>\n<p><strong>Flight and Depression<\/p>\n<p>First and foremost, our condolences to families, relatives and friends of the 150 passengers on board Germanwings A320 Airbus flight 4U 9525 from Barcelona to Duesseldorf that went down in a French mountain. According to media reports, the victims included 72 Germans (16 were school students), 51 Spaniards, and those from Argentina, Australia, Britain, Colombia, Denmark, Iran, Israel, Japan, Mexico, the Netherlands, the US and Venezuela.<\/p>\n<p>The following is AirlineRatings.com&#8217;s 2015 annual list of the world&#8217;s 10 safest airlines: Australian airline Qantas (&#8220;Continues to lead the industry with safety innovations and its fleet is now the youngest &#8212; 7.9 years,&#8221; AirlineRatings.com editor Geoffrey Thomas tells CNN).  The others, in alphabetical order, are: Air New Zealand, British Airways, Cathay Pacific Airways, Emirates, Etihad Airways, EVA Air, Finnair, Lufthansa and Singapore Airlines. (http:\/\/edition.cnn.com\/ 2015\/01\/06\/intl_travel\/world-safest-airlines). <\/p>\n<p>Lufthansa owns Germanwings, and its reputed safety measures didn&#8217;t prevent a psychotic deed from killing innocent people.  The cockpit voice recorder&#8217;s information suggests that co-pilot Andreas Lubitz took over the control of the plane and crashed it.  There have been reports of Lubitz&#8217; depression as the reason for such tragedy. This incident, no doubt, will make airline companies more stringent when hiring personnel and conducting compulsory mental and psychological examinations of all flight crew members (in addition to the physical ones). <\/p>\n<p>About 350,000,000 people globally are affected by some forms of depression; 70% of adolescents who have a depressive disorder by the age of 18; women are 70% more likely than men to experience depression in their lifetime (the loss of a partner from death, divorce or separation are a main contributing factor); 6.9% of all American adults had at least one depressive episode in 2012 and 50% with major depression don&#8217;t seek treatment. (http:\/\/www.huffingtonpost.com\/2015\/01\/20\/ depression -statistics_n_6480412.html). <\/p>\n<p>BioMed Central&#8217;s open access journal BMC Medicine has published results of a research that compares social conditions with depression in 18 countries across the world.  Detailed interviews with over 89,000 people produced data showing that 15% of the population from high-income countries (compared to 11% for low\/middle-income countries) were likely to have depression over their lifetime. Major Depressive Episodes (MDE) were especially high (over 30%) in France, the Netherlands and America whereas China (12%) had the lowest incidence while it&#8217;s almost 36% in India (http:\/\/www.biomedcentral.com). It should be noted that there are still taboos held against depression and other mental health problems whether you&#8217;re in a developed or developing nation which lower down diagnosis rates and statistics.  <\/p>\n<p>Depression is considered a mental disorder and its most common signs are: loneliness, feeling of guilt or low self-esteem and tiredness, disinterested professionally and socially; loss of desire for pleasures; disturbed sleep or appetite and lack of concentration. It can be long-lasting or recurrent and impairs a person&#8217;s ability to cope with daily life. Severe cases of depression can lead to suicide (worldwide, 5% -20% of depressed patients suicide). A mild depression can be treated without medicines whereas moderate or severe one may need medication and professional treatments. Most specialists believe that psychotherapy treatments (whatever the type) takes only 10-20 weeks, and from two to four weeks for antidepressants to start having an effect (six to 12 weeks for full effect).<\/p>\n<p>Depression affects our families and communities and should be dealt with care and without shame. Let&#8217;s continue to talk more about this..<br \/>\n<\/strong><\/p>\n","protected":false},"excerpt":{"rendered":"<p>You certainly have heard about the January 7, 2015 tragic shootings in Paris of 12 cartoonists, journalists and staff of newspaper Charlie Hebdo. The day after that, I received emails from friends worldwide, notably from Australia, expressing their profound sadness and sympathy &#8212; describing such brutal act as a bloody offence against freedom of speech, &hellip; <a href=\"https:\/\/roladesocietalblog.com\/?page_id=118\" class=\"more-link\">Continue reading <span class=\"screen-reader-text\">Security, safety, justice<\/span> <span class=\"meta-nav\">&rarr;<\/span><\/a><\/p>\n","protected":false},"author":1,"featured_media":0,"parent":0,"menu_order":0,"comment_status":"open","ping_status":"open","template":"","meta":{"footnotes":""},"class_list":["post-118","page","type-page","status-publish","hentry"],"jetpack_sharing_enabled":true,"_links":{"self":[{"href":"https:\/\/roladesocietalblog.com\/index.php?rest_route=\/wp\/v2\/pages\/118","targetHints":{"allow":["GET"]}}],"collection":[{"href":"https:\/\/roladesocietalblog.com\/index.php?rest_route=\/wp\/v2\/pages"}],"about":[{"href":"https:\/\/roladesocietalblog.com\/index.php?rest_route=\/wp\/v2\/types\/page"}],"author":[{"embeddable":true,"href":"https:\/\/roladesocietalblog.com\/index.php?rest_route=\/wp\/v2\/users\/1"}],"replies":[{"embeddable":true,"href":"https:\/\/roladesocietalblog.com\/index.php?rest_route=%2Fwp%2Fv2%2Fcomments&post=118"}],"version-history":[{"count":2,"href":"https:\/\/roladesocietalblog.com\/index.php?rest_route=\/wp\/v2\/pages\/118\/revisions"}],"predecessor-version":[{"id":122,"href":"https:\/\/roladesocietalblog.com\/index.php?rest_route=\/wp\/v2\/pages\/118\/revisions\/122"}],"wp:attachment":[{"href":"https:\/\/roladesocietalblog.com\/index.php?rest_route=%2Fwp%2Fv2%2Fmedia&parent=118"}],"curies":[{"name":"wp","href":"https:\/\/api.w.org\/{rel}","templated":true}]}}